{"id":140,"date":"2021-11-18T10:26:53","date_gmt":"2021-11-18T10:26:53","guid":{"rendered":"https:\/\/template1.s5.kimsoft.se\/?page_id=140"},"modified":"2022-03-01T08:22:01","modified_gmt":"2022-03-01T08:22:01","slug":"instagram","status":"publish","type":"page","link":"https:\/\/instagram.s5.kimsoft.se\/?page_id=140","title":{"rendered":"Instagram"},"content":{"rendered":"\t\t<div data-elementor-type=\"wp-page\" data-elementor-id=\"140\" class=\"elementor elementor-140\">\n\t\t\t\t\t\t\t\t\t<section class=\"elementor-section elementor-top-section elementor-element elementor-element-858327a elementor-section-full_width elementor-section-stretched elementor-section-height-default elementor-section-height-default\" data-id=\"858327a\" data-element_type=\"section\" data-settings=\"{&quot;stretch_section&quot;:&quot;section-stretched&quot;,&quot;jet_parallax_layout_list&quot;:[{&quot;jet_parallax_layout_image&quot;:{&quot;url&quot;:&quot;&quot;,&quot;id&quot;:&quot;&quot;,&quot;size&quot;:&quot;&quot;},&quot;_id&quot;:&quot;0578097&quot;,&quot;jet_parallax_layout_image_tablet&quot;:{&quot;url&quot;:&quot;&quot;,&quot;id&quot;:&quot;&quot;,&quot;size&quot;:&quot;&quot;},&quot;jet_parallax_layout_image_mobile&quot;:{&quot;url&quot;:&quot;&quot;,&quot;id&quot;:&quot;&quot;,&quot;size&quot;:&quot;&quot;},&quot;jet_parallax_layout_speed&quot;:{&quot;unit&quot;:&quot;%&quot;,&quot;size&quot;:50,&quot;sizes&quot;:[]},&quot;jet_parallax_layout_type&quot;:&quot;scroll&quot;,&quot;jet_parallax_layout_direction&quot;:null,&quot;jet_parallax_layout_fx_direction&quot;:null,&quot;jet_parallax_layout_z_index&quot;:&quot;&quot;,&quot;jet_parallax_layout_bg_x&quot;:50,&quot;jet_parallax_layout_bg_x_tablet&quot;:&quot;&quot;,&quot;jet_parallax_layout_bg_x_mobile&quot;:&quot;&quot;,&quot;jet_parallax_layout_bg_y&quot;:50,&quot;jet_parallax_layout_bg_y_tablet&quot;:&quot;&quot;,&quot;jet_parallax_layout_bg_y_mobile&quot;:&quot;&quot;,&quot;jet_parallax_layout_bg_size&quot;:&quot;auto&quot;,&quot;jet_parallax_layout_bg_size_tablet&quot;:&quot;&quot;,&quot;jet_parallax_layout_bg_size_mobile&quot;:&quot;&quot;,&quot;jet_parallax_layout_animation_prop&quot;:&quot;transform&quot;,&quot;jet_parallax_layout_on&quot;:[&quot;desktop&quot;,&quot;tablet&quot;]}]}\">\n\t\t\t\t\t\t<div class=\"elementor-container elementor-column-gap-default\">\n\t\t\t\t\t<div class=\"elementor-column elementor-col-100 elementor-top-column elementor-element elementor-element-8ebc781\" data-id=\"8ebc781\" data-element_type=\"column\">\n\t\t\t<div class=\"elementor-widget-wrap elementor-element-populated\">\n\t\t\t\t\t\t\t\t<div class=\"elementor-element elementor-element-dabeb4a elementor-widget elementor-widget-jet-instagram-gallery\" data-id=\"dabeb4a\" data-element_type=\"widget\" data-settings=\"{&quot;columns&quot;:&quot;5&quot;}\" data-widget_type=\"jet-instagram-gallery.default\">\n\t\t\t\t<div class=\"elementor-widget-container\">\n\t\t\t<div class=\"elementor-jet-instagram-gallery jet-elements\">\n<div class=\"jet-instagram-gallery__instance layout-type-grid col-row disable-cols-gap disable-rows-gap show-overlay-on-hover column-desktop-5 column-tablet-2 column-mobile-1\"  data-settings='{\"layoutType\":\"grid\",\"columns\":\"5\",\"columnsTablet\":\"\",\"columnsMobile\":\"\"}'><div class=\"jet-instagram-gallery__item\"><div class=\"jet-instagram-gallery__inner\">Error validating application<\/div><\/div><\/div>\n<\/div>\t\t<\/div>\n\t\t\t\t<\/div>\n\t\t\t\t\t<\/div>\n\t\t<\/div>\n\t\t\t\t\t\t\t<\/div>\n\t\t<\/section>\n\t\t\t\t\t\t\t<\/div>\n\t\t","protected":false},"excerpt":{"rendered":"<p>CB 365 duk #swelaocean #cb365 #rossykapell #sm\u00f6gen&hellip;Hanse 415 #hanse415 #sm\u00f6gen #sm\u00f8gen #smogen #spray&hellip;Nauticat 39 #sprayhood #sailing #sm\u00f6gen #rossykape&hellip;#Sm\u00f6genFantastisk dag p\u00e5 Sm\u00f6gen idag\ud83c\udf1eComfortina med ny #sprayhood #sailing #r\u00f6ssykapell&hellip;En vacker Tr\u00e5lare 29 med nytt kapell #sm\u00f6gen #r\u00f6ss&hellip;V\u00e5rat b\u00e5thus! H\u00e4r tar vi in b\u00e5tar n\u00e4r det \u00e4r f\u00f6r b&hellip;Montering av sittbrunnskapell till HR 57 soft top&hellip;#hallbergrassy #kapell #jobb [&hellip;]<\/p>\n","protected":false},"author":1,"featured_media":0,"parent":0,"menu_order":0,"comment_status":"closed","ping_status":"closed","template":"elementor_canvas","meta":{"_jet_sm_ready_style":"","_jet_sm_style":"","_jet_sm_controls_values":"","_jet_sm_fonts_collection":"","_jet_sm_fonts_links":"","footnotes":""},"class_list":["post-140","page","type-page","status-publish","hentry"],"_links":{"self":[{"href":"https:\/\/instagram.s5.kimsoft.se\/index.php?rest_route=\/wp\/v2\/pages\/140","targetHints":{"allow":["GET"]}}],"collection":[{"href":"https:\/\/instagram.s5.kimsoft.se\/index.php?rest_route=\/wp\/v2\/pages"}],"about":[{"href":"https:\/\/instagram.s5.kimsoft.se\/index.php?rest_route=\/wp\/v2\/types\/page"}],"author":[{"embeddable":true,"href":"https:\/\/instagram.s5.kimsoft.se\/index.php?rest_route=\/wp\/v2\/users\/1"}],"replies":[{"embeddable":true,"href":"https:\/\/instagram.s5.kimsoft.se\/index.php?rest_route=%2Fwp%2Fv2%2Fcomments&post=140"}],"version-history":[{"count":29,"href":"https:\/\/instagram.s5.kimsoft.se\/index.php?rest_route=\/wp\/v2\/pages\/140\/revisions"}],"predecessor-version":[{"id":175,"href":"https:\/\/instagram.s5.kimsoft.se\/index.php?rest_route=\/wp\/v2\/pages\/140\/revisions\/175"}],"wp:attachment":[{"href":"https:\/\/instagram.s5.kimsoft.se\/index.php?rest_route=%2Fwp%2Fv2%2Fmedia&parent=140"}],"curies":[{"name":"wp","href":"https:\/\/api.w.org\/{rel}","templated":true}]}}